Is a(s) prime?
False
Let i(u) = 715*u - 35. Let s(k) = -k - 1. Let m(c) = i(c) + 30*s(c). Is m(6) prime?
False
Let r be -18*3*9/(-243). Suppose -4*i + 3*l = -23933, 5101 = r*i - 5*l - 6876. Is i prime?
True
Suppose 0*k + 4*k = -3*h - 71, h + 42 = -5*k. Let z(q) = -236*q + 105. Is z(h) prime?
False
Suppose 281 = -5*q + 86. Let s = 47 + q. Is (603/12)/(3/s) a composite number?
True
Let p(x) = -314*x + 353063. Is p(0) prime?
False
Let w(z) = 2*z + 12. Let l(c) = c**2 + 13*c - 36. Let s be l(-15). Let k be w(s). Is 1 + k + (72 - -14) prime?
False
Suppose -3*q + 5 = -13. Let n(p) = -189*p + 23. Let i(h) = 571*h - 69. Let l(x) = 6*i(x) + 17*n(x). Is l(q) a composite number?
True
Suppose 2*d + 57000 = 3*a - 3*d, -4*d - 57003 = -3*a. Suppose 0 = -8*f + a - 3941. Let x = f - 1320. Is x prime?
True
Let s(p) = -2*p**2 - 18*p + 3. Let m be s(-9). Suppose -m*h = -0*h - 9879. Is h a prime number?
False
Let b(z) = -11 + 0 + z**2 + 6*z - 3*z. Let w be b(-6). Is w/(0 + 3/267) a prime number?
False
Suppose 3*b - 98208 = -6*q + q, -2*q + 4*b = -39278. Suppose 16914 = 15*f - q. Is f prime?
True
Suppose 264 = -7*f + 75. Is 2977/1 - (23 + f) composite?
True
Let x = -20 - -11. Let j(l) = -14*l**3 - 8*l**2 + 2*l - 11. Let q(m) = -11*m**3 - 9*m**2 + 3*m - 13. Let w(h) = -3*j(h) + 4*q(h). Is w(x) composite?
True
Let a(s) = 20*s**2 - 169*s + 139. Is a(34) prime?
False
Let p = -6187 + 20550. Suppose h + 2*y - 14343 = 0, -h + 4*y + p = y. Is h composite?
True
Let s be 15/(-25) - (1110/25)/6. Is 113*110/(-15)*12/s composite?
True
Suppose i + 4*h - 43570 = 6*h, 130700 = 3*i - 4*h. Let b = -21419 + i. Is b prime?
False
Suppose 3*n - 3*j + 581 = 2681, -2*j = -2. Let c = n - -3198. Is c a prime number?
False
Suppose 5*p = -3*h + 7141, 1045 = 4*h + 5*p - 8478. Suppose -3*l - h = -3*r, -l - 2*r = -6*l - 3967. Let j = 2734 + l. Is j a prime number?
False
Is 15/((-1125)/100)*(113042/(-4) + 2) a prime number?
False
Let y(b) be the second derivative of 27*b**5/20 - b**4/3 + 9*b**2 + 121*b + 1. Is y(7) composite?
True
Let p = -11152 + 27562. Suppose 9*o + p = 19*o. Is o a composite number?
True
Let k = 6755806 - 3889773. Is k prime?
True
Let c(o) = -10343*o + 81. Let x(k) = 5171*k - 41. Let v(t) = -6*c(t) - 11*x(t). Is v(2) composite?
True
Suppose 0 = 5*n - 5*f - 2411530, -5*f + 2411560 = -177*n + 182*n. Is n composite?
False
Let h = -92 + 93. Let c be 138/12 + h + 6/4. Suppose 391 = c*u - 687. Is u composite?
True
Is (-1 - -437587)*(3 - ((-17)/(-2) + -6)) a composite number?
True
Suppose g - 24398 = -3*z + 74, -z = 2*g - 8149. Suppose 3*u - 8147 = -k + 4*u, -k + 4*u = -z. Is k a composite number?
True
Suppose 2*t + 0*x - 4*x = 8, 0 = 2*t + x - 3. Is ((-1)/2)/(0 + t/(-3284)) a prime number?
True
Let w(z) = -31*z**2 - 2*z - 5. Let l be w(-5). Suppose 348 = -m - 3*i + 1476, 0 = -4*m - 2*i + 4502. Let g = l + m. Is g prime?
False
Let u = 421 - 415. Let v(n) = 24*n + 57. Is v(u) a prime number?
False
Let p(l) = -303110*l + 10503. Is p(-5) prime?
True
Suppose 195 = -z + 1260. Suppose -5*w + z = -0*w. Let c = w + 698. Is c a prime number?
True
Let i be (2840/(-25))/((-2)/35). Let d = i - 529. Let p = 2624 - d. Is p composite?
True
Suppose -257369 + 208599 - 809678 = -16*z. Is z a composite number?
False
Let o(h) = 255*h + 44. Let w(p) = p - 1. Let i(y) = o(y) - 6*w(y). Is i(16) prime?
False
Let v(h) = 18181*h**2 - 178*h + 14. Is v(3) a composite number?
False
Let o = 87086 + -3375. Is o prime?
False
Let c(y) = 115*y + 13. Let s(r) = -116*r - 13. Let v(o) = -4*c(o) - 3*s(o). Suppose 44*k - 20 = 54*k. Is v(k) a prime number?
True
Let v = 25 - 20. Suppose -8 = 3*a - 4*g, -v*a + 0*a - g = -25. Is ((-254)/a)/1*-2 composite?
False
Suppose 0 = -10*b + 285698 + 88152. Is b a composite number?
True
Let m(k) = 9141*k**2 - 288*k + 4361. Is m(16) a prime number?
False
Let o(w) = 736*w + 961. Is o(55) a composite number?
True
Let m(j) be the first derivative of -29*j**4/4 - j**3 + 13*j**2/2 + 43*j - 234. Is m(-6) prime?
True
Let l(y) = -5*y**2 + 2. Let f be l(0). Is ((-976)/32)/(f/(-148)) prime?
False
Let h(z) = 12 - 2 - 10*z**2 + 9*z - 24*z**3 + 22*z**3. Is h(-11) prime?
False
Let z be -6*(-1)/((-2)/(-447)). Suppose 2*d = 4, 0 = -4*u - 2*d + 987 + z. Is u a prime number?
False
Let n = 251359 - 169338. Is n a prime number?
True
Let v be (-3)/(-42)*6 + 213/(-7). Let a be ((3/1)/3)/((-6)/v). Is (-1)/(a/(-15)) + 5780/2 prime?
False
Let z(v) = 16 - 39*v - 3 + 21 + 12. Let b = -13 - 6. Is z(b) a prime number?
True
Let x(o) = -o**3 + 4*o**2 + 14*o - 42. Let w be x(5). Suppose 9 = 5*l + 4, 2*f - w*l = 1103. Is f a composite number?
True
Suppose -5009 = -5*a + 17356. Let s = -1772 + a. Suppose 2726 = 3*p + y, -p - 4*y = -4*p + s. Is p composite?
False
Let v = 3413656 + -2308158. Is v a composite number?
True
Let q be 1/(12/8 + 21425/(-14282)). Let u = -4946 - q. Is u prime?
False
Suppose -7052 + 106712 = 5*x. Suppose 4*i - 4*t - x = 0, t - 15641 - 9298 = -5*i. Is i prime?
True
Suppose -54*b + 10*b + 2996356 = 0. Is b prime?
True
Suppose -6*c - 3460 = -2*c. Let p = c + 1808. Is p a composite number?
True
Let x(k) = -10*k + 40. Let j(l) = -l**2 + 17*l + 17. Let b be j(18). Let p(u) = 1. Let i(a) = b*x(a) + 15*p(a). Is i(14) a prime number?
False
Let d(z) = -z - 824. Let n be d(0). Suppose -i - 540 = -3*j - 2080, 4*i + 4*j - 6272 = 0. Let f = i + n. Is f composite?
True
Let z(w) = -7219*w**3 + 3*w + 3. Let b(r) = 6*r**2 - 24*r - 1. Let o be b(4). Is z(o) composite?
False
Let c(b) = -73*b**3 + 7*b - 24. Let x be c(-5). Suppose -29*r = -35*r + x. Is r a prime number?
True
Suppose 0 = -3*k - 4*o + 8351, k + 2*o + 58 = 2839. Let c = -1678 + k. Is c a composite number?
True
Suppose -c - 711 = -4*k, -4*c - 5*k = -9*c - 3555. Let v = 1580 + c. Is v prime?
False
Let y = -2208 - -3607. Is y composite?
False
Let l be (-50)/15 + 3 - 3217/(-3). Let g = 2268 - l. Suppose 0 = -3*j + g + 301. Is j prime?
True
Let m be ((-816)/(-18))/8 + (-1)/(-3). Suppose 4443 = m*p + 1209. Let b = 837 - p. Is b prime?
False
Let z be 86208/(-42) + (-12)/(-21). Let y = z - -4162. Suppose -22*n + 27*n - y = 0. Is n a prime number?
False
Let i(d) = 19*d**2 + 9*d + 3973. Let g(b) = 12*b**2 + 5*b + 2648. Let l(s) = 8*g(s) - 5*i(s). Suppose -6*v = -5*v. Is l(v) a composite number?
False
Let k(h) = -24*h - 15*h - 17*h - h + 21 + 10*h**2. Is k(16) prime?
True
Is (-6)/((-36)/66) - (-302352 - -2) prime?
False
Suppose 0 = -5*u - j - 111525, 4*j = 4*u + 7*j + 89220. Let r = 35234 + u. Is r a prime number?
False
Let v = 166 + -189. Let a(n) = -26*n - 11. Is a(v) composite?
False
Let u(d) be the first derivative of -d**4/2 - 20*d**3/3 + 4*d**2 - 31*d + 44. Is u(-11) a composite number?
True
Let t(d) = 4*d**2 + 26*d - 94. Let r(s) = s**2 + 3*s - 3. Let i(q) = -3*r(q) + t(q). Let o = 47 + -74. Is i(o) prime?
False
Let z = 75217 + 99082. Is z a composite number?
False
Let c = 15 - 34. Let y = c + 27. Suppose 4*j + 3*p + 712 = y*j, 4*j - p - 712 = 0. Is j a prime number?
False
Let d = -51736 - -207735. Is d a prime number?
False
Let l be (-6162)/(-13) + -1 + 6. Is l/((1 + -3)/(-10)) a composite number?
True
Let u(y) = y + 8. Let x be u(-8). Suppose 9 = -x*d + 3*d. Suppose -m = 3*f - 380, 1 = -d*m - 2. Is f prime?
True
Suppose 365 = 17*m - 90813 - 71801. Is m a composite number?
False
Let d(c) = 8453*c - 195. Is d(14) composite?
False
Let t = 97 + -67. Suppose 15071 = -t*o + 37*o. Is o a composite number?
False
Suppose -47 = -4*p + 89. Let v = 1 - p. Is (-6281)/v - (-2)/3 composite?
False
Suppose -124*f = 211869 + 221759. Let q(z) = 1753*z**3 + 2*z**2 - 1. Let t be q(-1). Let r = t - f. Is r prime?
False
Let j(w) = -w**2 - w. Let h(a) = a**3 + 26*a**2 + 46*a + 3. Let p(m) = h(m) + 4*j(m). Is p(-17) prime?
False
Let q = -2666 - -5035. Suppose -q = -5*j - 2*w + 6*w, 3*w - 1416 = -3*j. Is j composite?
True
Is (-12)/54 + 9/((-324)/(-215324)) prime?
True
Let v(p) = 2*p**2 - 14*p - 8. Let o be v(6). Let q be ((-2)/(-3))/(o/(-270)). Is (1 + q)/(26/533) prime?
False
Let o = -3 - -5. Suppose -4 = -2*u + 2*a, -4*a = 4*u + 113 - 169. Suppose 2*n = -u, -o*n = -3*j + 2376 - 499. Is j prime?
False
Let s(a) = -44*a + 8. Let n be s(-5). Let g = n - 65. Is g a prime number?
True
Let b = 148286 + -49879. Is b a prime number?
True
Let x(u) = 7*u**3 + 6*u - 9. Let h = 154 - 152